site?
False
Suppose -5*z = 4*f + 15, -2*z + 7*z - 15 = 2*f. Suppose 4*w - 5 = 11. Let p = w - z. Is p prime?
True
Suppose -z - 4*f + 1180 = z, 2*f = -2*z + 1176. Is z a prime number?
False
Is -3 + 30/5 - -750 composite?
True
Let x be -159 + (0 - 2) + 4. Is (x/(-3))/(1/3) a prime number?
True
Suppose -11675 = -23*o - 2130. Is o prime?
False
Let j(y) = 4*y**3 - y**2. Let g be j(1). Let h = 0 + g. Is ((-293)/(-2))/(h/6) composite?
False
Let a(c) = -2*c**2 - c + 4. Let w(m) = m**2 - 2. Let f(n) = 4*a(n) + 9*w(n). Suppose 0*r - 36 = -3*r. Is f(r) composite?
True
Suppose 2*u - 10 = -4*x + 3*x, -3*u + 18 = 2*x. Let v(s) = -s**3 - s**2 + 2*s**2 + 5 + s**2 + 5*s**2 + 2*s. Is v(x) prime?
True
Let o = -1 - -3. Suppose m = -m - o. Is ((-19)/3)/(m/3) composite?
False
Suppose 439 = 3*s - 1718. Let c = s + -510. Is c a prime number?
False
Let g(i) = i**3 + 4*i**2 - 8*i - 10. Let h be g(-5). Let a(s) = -s**3. Let u(c) = -7*c**2 - 3. Let x(f) = a(f) - u(f). Is x(h) a prime number?
True
Suppose 2*j - 282 = 196. Is j a composite number?
False
Let s = 425 + 624. Is s composite?
False
Let u be ((-2)/(-4))/(6/14736). Suppose -c + 5*c - u = 0. Is c composite?
False
Let q be -1 - ((-3)/1 + 0). Suppose k + 20 = 5*s, -2*k = 5*s + q*k + 5. Suppose 5*n = -5*b + 345, s*n - 2*n - 65 = b. Is n composite?
False
Let g(a) = a**2 + 9*a + 9. Let o(k) = k - 1. Let d be o(-7). Let u be g(d). Suppose 34 = w - u. Is w a prime number?
False
Let p(a) = -20*a + 3. Let x be p(6). Let b = -68 - x. Is b a composite number?
True
Is 15244/24 - 4/24 prime?
False
Let g be (0 - -3) + 0/1. Is (-1959)/(-18) - g/(-18) a composite number?
False
Let p = 158 - 100. Is p composite?
True
Let a = -422 - -595. Suppose 0 = 3*g - a - 94. Is g prime?
True
Let r = 445 + 346. Is r composite?
True
Let n(k) = 3*k**2 + k - 9. Suppose -q - 3*t + 9 = -0*q, -3 = -q + 3*t. Let y = 1 + q. Is n(y) composite?
True
Let x(y) = 2*y + 12. Let a be x(-9). Let f(c) = -16*c - 13. Is f(a) a composite number?
False
Let u(i) = -i**3 + i**2 + 3*i + 4. Let l be u(-3). Suppose 116 - l = 5*f. Let x = f + -10. Is x prime?
True
Let x = 10 - 6. Suppose -2*w + 4*w = -5*f - 2, 0 = 4*w - f - 18. Suppose -w*b + 292 = x*q - 0*b, 5*b - 288 = -4*q. Is q composite?
True
Suppose 2*x = 4*h + 3*x - 3678, 1834 = 2*h - 2*x. Is h a prime number?
True
Suppose -j + 228 = -5*w, -5*j + 3*w = -4*j - 226. Is j a prime number?
True
Let l be (12/10)/((-6)/(-15)). Suppose -l*k = -8 - 7. Let i = 138 - k. Is i a composite number?
True
Suppose 27 = -5*j - 13. Let l(h) = -5*h - 1. Is l(j) prime?
False
Suppose 0 = -5*b + 3990 + 745. Is b prime?
True
Suppose 5*b = 2206 + 499. Is b prime?
True
Let i be (3 + -2)/((-2)/10). Let k = i - -8. Suppose 0*c - k*c = -18. Is c prime?
False
Let v = 4270 - 2377. Is v composite?
True
Suppose -3*z + 3*h + 0*h + 10350 = 0, -3*z + 10362 = h. Is z a composite number?
True
Let u = -1049 + 2087. Let f = u + -618. Suppose 5*j - f - 25 = 0. Is j a prime number?
True
Suppose -2*t - 5*u + 598 = 25, 0 = 3*u + 15. Is t composite?
True
Suppose -3*r = -1 + 7. Let v = 5 + r. Suppose -5*y = v*t - 332, 0*t + 5*t + y - 590 = 0. Is t prime?
False
Let w(v) = -3*v - 2 + 3*v**3 + 5 - 3*v**2 - 1. Is w(3) a prime number?
True
Let w = 1 + -5. Let d(f) = 12*f - 7. Let b be d(-10). Is (b/(-3))/(w/(-12)) composite?
False
Is -7 - -3188 - ((0 - 0) + 0) prime?
True
Suppose -p = 2*p. Let a be 14/21 + (-34)/6. Is 4/a*(-5 - p) a prime number?
False
Let v(w) = -w**2 + w + 2. Let m(r) = -2*r**2 + 2*r + 5. Let t(h) = 3*m(h) - 7*v(h). Is t(2) a prime number?
True
Let j = 442 + -246. Let i = j - 105. Is i a composite number?
True
Let n(d) = 166*d**2 + d - 1. Is n(1) prime?
False
Let k(r) = 525*r**3 + r**2 - 2*r + 1. Let m be k(1). Let x = m - 272. Is x prime?
False
Let n(k) = k. Let r be n(1). Let a = 2 + r. Is a - 2 - (1 + -35) a composite number?
True
Suppose u = 5*u + 752. Is (2 - 12)*u/8 prime?
False
Let j be 8/3 + (-2)/3. Suppose 2*l - 76 = -j*l. Is l composite?
False
Suppose -25*h + 8058 = -19*h. Is h a composite number?
True
Let b(a) = 4*a + 5. Let m(q) = -36*q - 44. Let u(r) = 52*b(r) + 6*m(r). Let z be u(-3). Suppose -3 = 2*s + 4*n - 41, 0 = 5*n - z. Is s a prime number?
True
Suppose -3 = 4*d - 11. Suppose 2*w - t = -w + 64, 0 = -4*w - d*t + 72. Suppose -y - 5*c = -10, -2*y = 6*c - 11*c - w. Is y a prime number?
False
Suppose -3*h - 1477 = -4*m, 2*h - h = 5. Is m a composite number?
False
Let l = 16 - 31. Let h = 24 - l. Is h prime?
False
Let k = 55 + -78. Suppose -5*x = 4 + 1. Is x + (-2)/2*k a prime number?
False
Suppose -5*f = -5*o - 190, -2*f - 4*o + 100 = -0*o. Let k be (-95)/2*(7 + -9). Let w = k - f. Is w prime?
True
Suppose 6*v = 4*b + v - 292, -288 = -4*b + 4*v. Suppose 3*l = b + 199. Suppose -206 - l = -4*m - q, 0 = 3*m + 4*q - 218. Is m a composite number?
True
Let g(y) = 2*y**3 - 11*y**2 - 8*y - 20. Is g(11) a prime number?
True
Let x = -269 + 414. Is x composite?
True
Suppose -67 = r - 2*r. Let k = 136 - r. Is k a prime number?
False
Let x = 155 - 84. Is x composite?
False
Let u be (-2836)/2*(-1)/2. Suppose 3*d - d - 4 = 0, -3*x = 5*d - u. Is x a prime number?
True
Let h(k) = 72*k**2 - k. Let y be h(-2). Suppose 5*q - y = 2*f, f + 174 = 3*q + 4*f. Is q prime?
False
Let y(i) = -i + 6. Let v be y(5). Is (12 - 0)/v + 3 a composite number?
True
Is (2*1)/((-1)/634*-4) a prime number?
True
Let c = -6 - -4. Is (23/c)/(1/(-2)) a prime number?
True
Let q(j) = 106*j**2 + j - 4 + 22*j**2 + 5 + j. Let i = 0 + -1. Is q(i) prime?
True
Let m(g) = -1 + 0*g + g - 2*g - 3. Let y be m(-4). Suppose -3*s + 2*s + 93 = y. Is s composite?
True
Suppose -3*v - 2*v = -1180. Suppose 6*u - 2*u = v. Is u a composite number?
False
Suppose -2*c = -4*c. Suppose c = -s + 74 + 100. Suppose -h + s = h - 4*j, -4*j + 214 = 2*h. Is h composite?
False
Let a be (2/6)/((-2)/(-12)). Let t(j) = 112*j - 1. Is t(a) a composite number?
False
Let m be 1/(6/4 - 1). Suppose 85 + 111 = m*q. Suppose 0*a + q = 2*a. Is a composite?
True
Let u(l) = l**3 - 5*l**2 + 3. Let n be u(5). Suppose g + 26 = n*g. Is g a composite number?
False
Suppose -1 = 5*p - 16. Suppose o = c - 2*o - 185, -5*o = p*c - 583. Is c composite?
False
Is (-784)/(-4) + -2 + -3 composite?
False
Suppose 5*l = -3*q, -5*q = -0*q. Suppose 4*k - 77 - 7 = l. Is k a prime number?
False
Let k = -2 + 2. Suppose -2*z + z + 15 = k. Is z a composite number?
True
Suppose 4 - 16 = -3*g. Suppose g*r - 5*r = 0. Suppose -106 - 33 = -4*n - 3*x, -5*n + 2*x + 191 = r. Is n composite?
False
Suppose 2*k - 512 = -3*l, -4*l = -2*k - 3*l + 528. Suppose -y + d + 89 = -d, -3*y + k = -5*d. Is y a prime number?
True
Suppose -b - 2*c = -5*b + 12248, 0 = 3*b + 3*c - 9195. Is b a prime number?
False
Let p(h) = 2*h**3 - 7*h**2 + 9*h + 7. Is p(5) prime?
True
Is (-4)/14 + (-10359)/(-21) a composite number?
True
Let v(r) = -6*r**2 - r - 3. Let o be v(-3). Let l = -16 - o. Is l composite?
True
Let a(h) = 45*h + 4. Let y be (-126)/(-27)*(-3)/(-2). Is a(y) a prime number?
False
Let x = -45 - -65. Suppose m - x = 23. Suppose -m = -2*h - 2*l - 3*l, -2*h + 4*l = -34. Is h prime?
True
Let x = -919 - -1714. Suppose 0 = -5*a - h + x, -3*a + 5*h = -a - 318. Is a composite?
True
Is (8/(-20))/(1/(-95)) prime?
False
Let o(n) = n**3 - 3*n + 4. Let k be o(3). Suppose 22 = 2*j - d, -k = -5*j - d + 19. Suppose j = 4*g - 75. Is g a prime number?
False
Let u(k) = -6*k + 13*k + 20 - 20. Suppose 0 = -c + 4*c - 15. Is u(c) prime?
False
Let x be 148/2 - (3 - 4). Suppose -3*d = 2*d - 4*z - x, d - 15 = -4*z. Is d a composite number?
True
Suppose 0*o + 2*g = 2*o + 8, -4*o + 8 = 4*g. Let n be (2 - (1 - o))*1. Is 159 + -1 - (n - 1) a prime number?
False
Let o be (-39)/(-12) - 2/8. Suppose 4*i + 3*h = 487, o*i - 446 = 2*h - 102. Let u = i + -9. Is u a prime number?
True
Suppose 4*c = -c + 570. Suppose 0 = -2*z + c - 8. Is z a prime number?
True
Is (-6)/12 - 1894/(-4) prime?
False
Is ((-2564)/(-6))/((-14)/(-21)) a composite number?
False
Let h be (-1)/(-1 - 0) - -2. Let l = h + 0. Suppose 2*z + 4 = 0, l*f - 53 = -7*z + 2*z. Is f prime?
False
Is 127/((-1)/(-4)*4) a prime number?
True
Suppose -6*c - 70 = 5*z - 5*c, -25 = 2*z + c. Let v = -11 - z. Let r = 35 - v. Is r prime?
True
Let w(c) = -3*c**3 + 3*c + 7. Is w(-4) a prime number?
False
Is (-2665)/(-20) - (-6)/8 a prime number?
False
Let 